6176706?
2, 3, 37, 27823
What are the prime factors of 522601?
522601
What are the prime factors of 16219449?
3, 89, 20249
What are the prime factors of 489537?
3, 18131
What are the prime factors of 19005033?
3, 6335011
List the prime factors of 7062339.
3, 263, 8951
What are the prime factors of 4975561?
47, 105863
What are the prime factors of 11107042?
2, 5553521
List the prime factors of 310250.
2, 5, 17, 73
List the prime factors of 10161636.
2, 3, 499, 1697
List the prime factors of 256200.
2, 3, 5, 7, 61
What are the prime factors of 34633100?
2, 5, 346331
What are the prime factors of 24820613?
2141, 11593
List the prime factors of 183077.
29, 59, 107
What are the prime factors of 20987515?
5, 107, 39229
List the prime factors of 26116782.
2, 3, 71, 101, 607
List the prime factors of 6626728.
2, 283, 2927
List the prime factors of 236934.
2, 3, 13163
List the prime factors of 2051773.
2051773
What are the prime factors of 2825991?
3, 7, 31, 1447
What are the prime factors of 2612113?
7, 97, 3847
What are the prime factors of 1392957?
3, 29, 593
What are the prime factors of 108182?
2, 54091
List the prime factors of 18698555.
5, 17, 219983
What are the prime factors of 1530482?
2, 765241
What are the prime factors of 197337?
3, 7, 9397
List the prime factors of 9796415.
5, 1959283
List the prime factors of 2679768.
2, 3, 7, 13, 409
List the prime factors of 682777.
682777
What are the prime factors of 2995287?
3, 998429
What are the prime factors of 7028386?
2, 23, 152791
List the prime factors of 1233497.
1233497
What are the prime factors of 188156?
2, 17, 2767
List the prime factors of 349582.
2, 103, 1697
What are the prime factors of 253491?
3, 7, 12071
What are the prime factors of 2492688?
2, 3, 11, 4721
List the prime factors of 11876429.
41, 289669
What are the prime factors of 8899082?
2, 4449541
What are the prime factors of 484032?
2, 3, 2521
What are the prime factors of 1622159?
7, 11, 21067
List the prime factors of 276770.
2, 5, 13, 2129
What are the prime factors of 270033?
3, 90011
What are the prime factors of 3137099?
7, 448157
What are the prime factors of 2661176?
2, 7, 47521
What are the prime factors of 23316115?
5, 4663223
What are the prime factors of 7598886?
2, 3, 541, 2341
List the prime factors of 362093.
362093
List the prime factors of 6926359.
11, 163, 3863
List the prime factors of 243427.
229, 1063
List the prime factors of 14558570.
2, 5, 13, 53, 2113
What are the prime factors of 447239?
13, 34403
What are the prime factors of 9163326?
2, 3, 101, 15121
What are the prime factors of 9498261?
3, 1453, 2179
List the prime factors of 405899.
13, 31223
What are the prime factors of 862530?
2, 3, 5, 28751
List the prime factors of 26666394.
2, 3, 61, 72859
What are the prime factors of 784257?
3, 197, 1327
What are the prime factors of 276719?
167, 1657
List the prime factors of 18614731.
18614731
What are the prime factors of 9637759?
17, 23, 157
What are the prime factors of 255746?
2, 127873
List the prime factors of 215799.
3, 71933
List the prime factors of 526123.
13, 40471
What are the prime factors of 1923686?
2, 17, 29, 1951
What are the prime factors of 6547631?
37, 271, 653
List the prime factors of 253730.
2, 5, 25373
What are the prime factors of 8470529?
751, 11279
List the prime factors of 1191231.
3, 107, 1237
List the prime factors of 298236.
2, 3, 29, 857
What are the prime factors of 30812945?
5, 6162589
What are the prime factors of 257649?
3, 7, 12269
What are the prime factors of 840133?
7, 257, 467
List the prime factors of 22846016.
2, 356969
List the prime factors of 313804.
2, 19, 4129
What are the prime factors of 883507?
17, 51971
What are the prime factors of 7260692?
2, 593, 3061
What are the prime factors of 383136?
2, 3, 13, 307
What are the prime factors of 481242?
2, 3, 80207
List the prime factors of 34829561.
13, 241, 11117
List the prime factors of 786271.
786271
List the prime factors of 2223645.
3, 5, 148243
List the prime factors of 192188.
2, 23, 2089
What are the prime factors of 101909?
101, 1009
What are the prime factors of 1822123?
1822123
List the prime factors of 4521566.
2, 7, 322969
What are the prime factors of 124195?
5, 59, 421
List the prime factors of 1556594.
2, 13, 19, 23, 137
What are the prime factors of 1503844?
2, 79, 4759
List the prime factors of 1264850.
2, 5, 41, 617
What are the prime factors of 363450?
2, 3, 5, 2423
List the prime factors of 2126688.
2, 3, 22153
What are the prime factors of 804761?
804761
What are the prime factors of 4620131?
227, 20353
What are the prime factors of 1048980?
2, 3, 5, 17483
What are the prime factors of 10172656?
2, 13, 48907
List the prime factors of 9517264.
2, 594829
What are the prime factors of 1888536?
2, 3, 13, 6053
What are the prime factors of 200722?
2, 100361
List the prime factors of 117686.
2, 19, 163
List the prime factors of 249301.
13, 127, 151
What are the prime factors of 118404?
2, 3, 11, 13, 23
What are the prime factors of 1199685?
3, 5, 79979
List the prime factors of 2407563.
3, 29723
What are the prime factors of 4605341?
13, 354257
What are the prime factors of 370157?
139, 2663
What are the prime factors of 41448?
2, 3, 11, 157
What are the prime factors of 3891116?
2, 173, 5623
What are the prime factors of 992853?
3, 107, 1031
What are the prime factors of 12776?
2, 1597
List the prime factors of 1830274.
2, 47, 19471
List the prime factors of 5080205.
5, 13, 78157
What are the prime factors of 1753311?
3, 7, 29, 2879
What are the prime factors of 717527?
717527
List the prime factors of 1409526.
2, 3, 78307
List the prime factors of 1604197.
7, 229171
List the prime factors of 33430374.
2, 3, 233, 2657
List the prime factors of 12534814.
2, 17, 317, 1163
List the prime factors of 17635050.
2, 3, 5, 13063
What are the prime factors of 11186403?
3, 607, 6143
What are the prime factors of 6875810?
2, 5, 687581
What are the prime factors of 5995450?
2, 5, 19, 6311
What are the prime factors of 5856415?
5, 17, 68899
List the prime factors of 244744.
2, 30593
List the prime factors of 2002720.
2, 5, 12517
What are the prime factors of 181331?
43, 4217
List the prime factors of 10793165.
5, 59, 36587
List the prime factors of 1085330.
2, 5, 108533
What are the prime factors of 55225?
5, 47
List the prime factors of 450536.
2, 199, 283
What are the prime factors of 2200254?
2, 3, 7, 52387
List the prime factors of 108680.
2, 5, 11, 13, 19
What are the prime factors of 1004042?
2, 13, 23, 73
List the prime factors of 5365062.
2, 3, 73, 1361
What are the prime factors of 82109?
47, 1747
What are the prime factors of 5656605?
3, 5, 139, 2713
What are the prime factors of 171730?
2, 5, 13, 1321
What are the prime factors of 830916?
2, 3, 23081
What are the prime factors of 10069003?
7, 29, 193, 257
List the prime factors of 1291318.
2, 7, 92237
List the prime factors of 1312560.
2, 3, 5, 1823
What are the prime factors of 278545?
5, 17, 29, 113
What are the prime factors of 782653?
79, 9907
What are the prime factors of 126138?
2, 3, 21023
What are the prime factors of 43934124?
2, 3, 13, 41, 6869
What are the prime factors of 17999446?
2, 719, 12517
What are the prime factors of 261865?
5, 83, 631
What are the prime factors of 58106?
2, 17, 1709
What are the prime factors of 14879036?
2, 3719759
What are the prime factors of 145499?
83, 1753
What are the prime factors of 1952733?
3, 650911
List the prime factors of 1590939.
3, 7, 25253
List the prime factors of 1235751.
3, 11, 37447
What are the prime factors of 3445732?
2, 861433
List the prime factors of 6609467.
6609467
What are the prime factors of 3433846?
2, 13, 132071
List the prime factors of 2021034.
2, 3, 167, 2017
What are the prime factors of 19125438?
2, 3, 19, 127, 1321
List the prime factors of 51066.
2, 3, 2837
What are the prime factors of 2323125?
3, 5, 7, 59
What are the prime factors of 268367?
11, 31, 787
List the prime factors of 1870561.
7, 11, 17, 1429
List the prime factors of 1075740.
2, 3, 5, 17929
What are the prime factors of 470824?
2, 229, 257
List the prime factors of 1979638.
2, 139, 7121
What are the prime factors of 310186?
2, 31, 5003
List the prime factors of 28400824.
2, 97, 36599
List the prim